(f) = -f**3 - 3*f**2 + 5*f + 11. Determine l(-4).
7
Let h(v) = -2*v - 20. Give h(-9).
-2
Let y(b) = -6*b - 30. Give y(6).
-66
Let d(j) = -3*j + 76. What is d(24)?
4
Let r(d) = -d**3 - 7*d**2 + 10*d + 7. Calculate r(-8).
-9
Let v(k) = -10*k - 267. Calculate v(-27).
3
Let w(f) = -f**2 - 16*f + 464. Determine w(-31).
-1
Let l(p) = 58*p**2 + 7*p + 6. Give l(-1).
57
Let y(r) = r**2 + r - 7. Determine y(-6).
23
Let t(m) = -m**3 + 30*m**2 - 28*m - 30. What is t(29)?
-1
Let l(y) = -36*y + 247. What is l(7)?
-5
Let d(h) = 3*h**3 - 3*h**2 + 5*h. Give d(4).
164
Let c(v) = -v**3 - 11*v**2 - 8*v + 20. Calculate c(-10).
0
Let b(s) = -2*s - 80. Calculate b(-24).
-32
Let y(u) = 14*u - 124. Determine y(9).
2
Let c(p) = -3*p**2 - 14*p - 3. Determine c(-7).
-52
Let i(m) = 4*m**2 - 3*m + 1. What is i(2)?
11
Let o(j) = -2*j**2 + 16*j + 9. Calculate o(8).
9
Let d(c) = 13*c - 8. Determine d(4).
44
Let y(q) = 2*q**2 + 3*q - 8. Determine y(0).
-8
Let x(j) = -62*j**2 + 3*j - 2. What is x(1)?
-61
Let a(n) = n**3 + 11*n**2 + 8*n - 8. Determine a(-10).
12
Let l(f) = 2*f**3 + 25*f**2 - 13*f + 2. Calculate l(-13).
2
Let h(n) = -2*n. What is h(-3)?
6
Let r(c) = 2*c + 73. Calculate r(-39).
-5
Let u(j) = j**3 - 2*j**2 - 3*j + 1. Calculate u(3).
1
Let o(w) = w**3 - 63*w**2 - 10. Determine o(63).
-10
Let a(y) = -4*y**2 + y - 17. Calculate a(3).
-50
Let g(p) = 11*p + 477. Give g(-43).
4
Let u(p) = 11*p + 272. Give u(-25).
-3
Let i(d) = d**3 - 9*d**2 + 17*d + 3. Calculate i(6).
-3
Let r(q) = 34*q + 315. Determine r(-9).
9
Let j(q) = -2*q**2 - 7*q + 2. What is j(-4)?
-2
Let n(p) = -p**2 + 12*p - 49. Give n(10).
-29
Let w(v) = v**3 + 2*v**2 - 5*v - 5. What is w(-4)?
-17
Let p(b) = 5*b - 160. Determine p(30).
-10
Let n(v) = 6*v + 4. Calculate n(-3).
-14
Let t(n) = 3*n + 15. Calculate t(-15).
-30
Let i(g) = 5*g + 15. Determine i(-11).
-40
Let w(j) = -j**2 - 5*j - 1. Give w(-2).
5
Let n(j) = -2*j**2 - 27*j + 10. Determine n(-14).
-4
Let q(c) = -c**3 + 22*c**2 + 21*c + 10. What is q(23)?
-36
Let k(y) = 10*y**2 + 35*y - 7. Give k(-4).
13
Let w(m) = 21*m - 1. What is w(-1)?
-22
Let a(k) = -k**2 + 16*k - 71. Determine a(10).
-11
Let m(v) = -v - 12. Give m(-8).
-4
Let w(f) = -2*f + 10. Calculate w(8).
-6
Let q(n) = n**2 - 12*n - 17. Determine q(14).
11
Let l(i) = 4*i + 45. Determine l(-20).
-35
Let y(m) = -2*m**2 + 155*m - 367. Give y(75).
8
Let p(b) = 9*b + 2. Give p(-6).
-52
Let h(g) = -17*g - 1. Give h(-1).
16
Let z(r) = -50*r - 17. Calculate z(0).
-17
Let m(x) = 5*x - 7. Give m(3).
8
Let u(r) = 3*r**2 + 64*r - 24. Determine u(-22).
20
Let g(b) = -b**3 - b**2 + 6*b + 6. Give g(-3).
6
Let o(w) = -w**3 - 23*w**2 + 20*w - 87. What is o(-24)?
9
Let g(j) = 2*j**3 + 39*j**2 - 21*j - 19. Give g(-20).
1
Let p(g) = -g**2 + 14*g - 7. Give p(10).
33
Let s(m) = 2*m**2 - 2*m - 27. Calculate s(0).
-27
Let z(i) = i**2 - 21*i - 25. Determine z(20).
-45
Let g(x) = -2*x**3 + 6*x**2 + 2*x. Give g(4).
-24
Let l(o) = 3*o - 23. Give l(7).
-2
Let u(p) = 2*p - 4. Calculate u(0).
-4
Let l(h) = -h**3 - 5*h**2 + 19*h - 7. Calculate l(-8).
33
Let j(c) = 6*c + 113. Give j(-8).
65
Let h(y) = 4*y + 15. Calculate h(0).
15
Let p(m) = 7*m + 9. Give p(1).
16
Let b(v) = v**3 + 31*v**2 - 2*v - 63. Determine b(-31).
-1
Let o(r) = -r**3 - 4*r**2 + r + 3. Calculate o(-2).
-7
Let c(b) = 2*b**2 + 9*b + 12. What is c(-4)?
8
Let p(v) = -v**2 - 6*v - 6. Determine p(-4).
2
Let i(r) = -r + 4. Give i(-12).
16
Let q(b) = 2*b - 24. Calculate q(14).
4
Let t(l) = -4*l**2 - 4*l + 4. Calculate t(-3).
-20
Let o(n) = n**3 - 7*n**2 - 12*n + 14. Calculate o(9).
68
Let a(h) = -2*h - 7. Give a(-6).
5
Let m(c) = -8*c**2 - c - 6. What is m(-2)?
-36
Let l(v) = 79*v - 386. Give l(5).
9
Let y(h) = -23*h**3 + h**2 + 2*h + 1. What is y(-1)?
23
Let q(f) = 2*f**2 + 43*f + 187. Calculate q(-15).
-8
Let d(z) = -z**2 + 14*z + 15. Give d(15).
0
Let w(o) = -7*o - 24. Determine w(-3).
-3
Let b(a) = -11*a + 4. Give b(-3).
37
Let b(q) = -q**2 + 23*q - 19. Determine b(23).
-19
Let a(y) = y**2 - 12*y - 34. Give a(15).
11
Let b(n) = 10*n - 34. Calculate b(5).
16
Let b(v) = 5*v - 2. Determine b(-5).
-27
Let s(o) = -o**3 - 33*o**2 + 32*o - 64. Calculate s(-34).
4
Let l(s) = -s**3 + 5*s**2 - 4*s - 5. What is l(5)?
-25
Let s(j) = -2*j**2 + 11*j + 8. Give s(6).
2
Let z(u) = -5*u**2 - 23*u - 9. Determine z(-4).
3
Let x(m) = 4*m + 58. Give x(-17).
-10
Let r(z) = -z**3 - 8*z**2 + 8*z + 12. Calculate r(-9).
21
Let t(w) = -2*w**2 - 17*w + 211. Give t(7).
-6
Let t(z) = -z**3 + 64. Determine t(0).
64
Let k(v) = 2*v**2 + v - 17. Determine k(7).
88
Let u(w) = 33*w - 1059. Give u(32).
-3
Let c(g) = -g. What is c(11)?
-11
Let h(z) = -4*z**3 + 2*z**2 + 9*z - 9. Determine h(1).
-2
Let v(a) = -20*a + 72. Determine v(4).
-8
Let k(u) = -6*u - 1. What is k(-6)?
35
Let l(o) = 2*o**2 + 14*o + 10. Determine l(-7).
10
Let v(a) = -a + 50. What is v(50)?
0
Let f(h) = h**3 + 5*h**2 + 4. Give f(-5).
4
Let t(o) = 13*o + 135. What is t(-11)?
-8
Let s(u) = 5*u**2 - u. Determine s(1).
4
Let z(c) = -c**3 - 6*c**2 + 6*c - 8. Give z(-7).
-1
Let x(b) = -3*b + 10. Calculate x(5).
-5
Let a(l) = l**2 - 60*l + 492. Give a(50).
-8
Let u(w) = -w**2 - 5*w + 1. Calculate u(5).
-49
Let j(s) = s**3 - 4*s**2 - s. Determine j(3).
-12
Let f(q) = q**3 - 8*q**2 - 11. Give f(8).
-11
Let i(y) = -y - 23. Determine i(-10).
-13
Let c(a) = a**2 + 2*a + 3. Give c(0).
3
Let i(m) = 3*m - 3. What is i(5)?
12
Let b(q) = -5*q**3 + 18*q**2 - 7*q + 9. Determine b(4).
-51
Let j(t) = -13*t + 7. Determine j(-4).
59
Let o(y) = -10*y**3 - y**2 + y - 2. Calculate o(1).
-12
Let l(q) = q**2 + 3*q - 7. Give l(6).
47
Let t(s) = s**2 - 11*s + 13. Determine t(9).
-5
Let c(g) = -g**3 - 28*g**2 + 32*g + 89. Calculate c(-29).
2
Let i(u) = -u**3 - 23*u**2 + 25*u - 12. Give i(-24).
-36
Let g(q) = q**3 - 14*q**2 + 21*q + 32. Give g(11).
-100
Let y(j) = j**3 + j**2 - 4*j + 4. Give y(2).
8
Let z(i) = 6*i**2 + 5*i + 2. Give z(-2).
16
Let a(m) = -m**3 - 9*m**2 - 16*m + 14. Calculate a(-5).
-6
Let l(h) = -50*h - 1. Give l(1).
-51
Let b(a) = -29*a + 525. Determine b(18).
3
Let l(o) = o**3 + 9*o**2 + 7*o - 2. Determine l(-8).
6
Let c(m) = 3*m - 8. Give c(-6).
-26
Let t(i) = -i**2 + 15*i + 29. What is t(-2)?
-5
Let f(q) = 8*q - 23. Calculate f(2).
-7
Let f(a) = 30*a - 482. Give f(16).
-2
Let m(c) = -5*c - 6. Give m(-2).
4
Let z(v) = -v**3 - 29*v**2 + v + 43. Calculate z(-29).
14
Let x(j) = j**3 - 2*j**2 - j - 1. Give x(-1).
-3
Let q(r) = 11*r + 11. Determine q(6).
77
Let t(n) = n**3 - 13*n**2 - 8*n - 3. What is t(14)?
81
Let r(g) = g**2 - 10*g + 1. What is r(8)?
-15
Let n(h) = -16*h**2 + 194*h - 23. Calculate n(12).
1
Let j(a) = -2*a**2 - 2*a + 2. Calculate j(0).
2
Let g(p) = -p**2 + 29*p - 78. What is g(26)?
0
Let r(m) = -m**3 + 6*m**2 + 8*m - 3. Give r(7).
4
Let a(i) = -5*i + 37. Calculate a(6).
7
Let h(n) = -4*n - 1. Calculate h(-2).
7
Let l(k) = -k**3 - 8*k**2 - 13*k - 11. Calculate l(-6).
-5
Let k(p) = -10*p - 1. Determine k(1).
-11
Let c(z) = -z**2 - 21*z - 29. Calculate c(-15).
61
Let j(c) = -2*c**2 - 6*c + 4. Calculate j(-5).
-16
Let a(k) = -15*k - 5. Determine a(0).
-5
Let w(g) = 5*g**3 - 146*g**2 + 27*g + 58. Calculate w(29).
0
Let u(a) = a**3 + a**2 - 2*a. Determine u(1).
0
Let h(u) = u**2 - 9*u + 9. Give h(6).
-9
Let t(b) = -b**3 - 2*b**2 - 5. Give t(-3).
4
Let u(x) = 16*x - 795. Give u(50).
5
Let m(z) = -z**3 - 5*z**2 - 2*z - 10. Calculate m(-5).
0
Let s(j) = j**2 + 41*j - 227. What is s(-46)?
3
Let p(a) = -a - 30. What is p(0)?
-30
Let k(d) = -2*d - 11. What is k(0)?
-11
Let g(b) = -b - 7. Give g(-11).
4
Let t(p) = -2*p - 17. Determine t(-12).
7
Let s(p) = p**2 - 15*p + 19. Calculate s(14).
5
Let b(y) = 2*y - 22. Determine b(9).
-4
Let f(t) = -t**2 + 5*t - 6. Determine f(5).
-6
Let r(f) = -5*f**2 + 71*f - 18. What is r(14)?
-4
Let r(h) = -h**2 + 7*h - 21. Give r(10).
-51
Let b(w) = -w**2 - 5*w + 13. Determine b(-7).
-1
Let b(h) = h**2 + 32*h + 228. Give b(-11).
-3
Let m(u) = -48*u - 4. Calculate m(1).
-52
Let z(c) = 2*c**2 + 21*c + 7. Determine z(-10).
-3
Let j(c) = 2*c**2 + 3*c + 1. Give j(-2).
3
Let q(x) = -x**3 - 2*x**2 + 7*x - 8. Determine q(-5).
32
Let x(h) = 22*h - 6. Give x(3).
60
Let j(r) = r**2 - 7*r + 1. Give j(6).
-5
Let u(x) = -27*x + 1616. Determine u(60).
-4
Let o(r) = -3*r**2 + 29*r - 38. Determine o(8).
2
Let z(v) = -6*v +